{"id":11,"date":"2026-01-21T12:16:49","date_gmt":"2026-01-21T12:16:49","guid":{"rendered":"https:\/\/go99.com.im\/?page_id=11"},"modified":"2026-04-10T04:56:12","modified_gmt":"2026-04-10T04:56:12","slug":"trang-chu-go99","status":"publish","type":"page","link":"https:\/\/rrrkr.ru.com\/","title":{"rendered":"Trang ch\u1ee7 Go99"},"content":{"rendered":"\t<div class=\"img has-hover x md-x lg-x y md-y lg-y\" id=\"image_1407265626\">\n\t\t\t\t\t\t\t\t<div class=\"img-inner dark\" >\n\t\t\t<img loading=\"lazy\" decoding=\"async\" width=\"1920\" height=\"600\" src=\"https:\/\/rrrkr.ru.com\/wp-content\/uploads\/2026\/01\/banner-ok.webp\" class=\"attachment-original size-original\" alt=\"banner-go99\" srcset=\"https:\/\/rrrkr.ru.com\/wp-content\/uploads\/2026\/01\/banner-ok.webp 1920w, https:\/\/rrrkr.ru.com\/wp-content\/uploads\/2026\/01\/banner-ok-300x94.webp 300w, https:\/\/rrrkr.ru.com\/wp-content\/uploads\/2026\/01\/banner-ok-1024x320.webp 1024w, https:\/\/rrrkr.ru.com\/wp-content\/uploads\/2026\/01\/banner-ok-768x240.webp 768w, https:\/\/rrrkr.ru.com\/wp-content\/uploads\/2026\/01\/banner-ok-1536x480.webp 1536w\" sizes=\"auto, (max-width: 1920px) 100vw, 1920px\" \/>\t\t\t\t\t\t\n\t\t\t\t\t<\/div>\n\t\t\t\t\t\t\t\t\n<style>\n#image_1407265626 {\n  width: 100%;\n}\n<\/style>\n\t<\/div>\n\t\n<p>&nbsp;<\/p>\n<h1 style=\"text-align: center;\"><strong>GO99 &#8211; Nh\u00e0 C\u00e1i C\u00e1 C\u01b0\u1ee3c Casino &#8211; N\u1ed5 H\u0169 &#8211; Th\u1ec3 Thao Xanh Ch\u00edn #1 Vn<\/strong><\/h1>\n<p><a href=\"https:\/\/rrrkr.ru.com\/\"><strong data-start=\"0\" data-end=\"8\" data-is-only-node=\"\">GO99<\/strong><\/a> \u2013 Nh\u00e0 c\u00e1i c\u00e1 c\u01b0\u1ee3c casino, n\u1ed5 h\u0169, th\u1ec3 thao \u201cxanh ch\u00edn\u201d #1 VN kh\u00f4ng ch\u1ec9 l\u00e0 c\u00e1i t\u00ean quen m\u1eb7t v\u1edbi d\u00e2n ch\u01a1i l\u00e2u n\u0103m m\u00e0 c\u00f2n l\u00e0 \u201cb\u1ebfn \u0111\u1ed7\u201d l\u00fd t\u01b0\u1edfng cho newbie \u0111ang t\u00ecm s\u00e2n ch\u01a1i uy t\u00edn, minh b\u1ea1ch. Ch\u1ec9 m\u1ea5t kho\u1ea3ng <strong data-start=\"211\" data-end=\"233\">30\u201360 gi\u00e2y \u0111\u0103ng k\u00fd<\/strong>, ng\u01b0\u1eddi ch\u01a1i \u0111\u00e3 c\u00f3 th\u1ec3 truy c\u1eadp kho game h\u01a1n <strong data-start=\"278\" data-end=\"294\">500+ tr\u00f2 hot<\/strong> t\u1eeb casino live, slot n\u1ed5 h\u0169 \u0111\u1ebfn c\u00e1 c\u01b0\u1ee3c th\u1ec3 thao t\u1ef7 l\u1ec7 k\u00e8o c\u1eadp nh\u1eadt t\u1eebng gi\u00e2y. Tr\u1ea3i nghi\u1ec7m th\u1ef1c t\u1ebf cho th\u1ea5y t\u1ed1c \u0111\u1ed9 <strong data-start=\"409\" data-end=\"433\">n\u1ea1p\/r\u00fat ch\u1ec9 3\u20135 ph\u00fat<\/strong>, h\u1ec7 th\u1ed1ng ho\u1ea1t \u0111\u1ed9ng \u1ed5n \u0111\u1ecbnh ngay c\u1ea3 gi\u1edd cao \u0111i\u1ec3m \u2013 \u0111i\u1ec3m c\u1ed9ng l\u1edbn gi\u00fap GO99 gi\u1eef ch\u00e2n h\u00e0ng tri\u1ec7u l\u01b0\u1ee3t truy c\u1eadp m\u1ed7i th\u00e1ng. Kh\u00f4ng m\u00e0u m\u00e8, kh\u00f4ng \u201ctreo th\u01b0\u1edfng\u201d, n\u1ec1n t\u1ea3ng n\u00e0y ghi \u0111i\u1ec3m nh\u1edd ch\u00ednh s\u00e1ch r\u00f5 r\u00e0ng, t\u1ef7 l\u1ec7 tr\u1ea3 th\u01b0\u1edfng c\u1ea1nh tranh v\u00e0 c\u01a1 ch\u1ebf b\u1ea3o m\u1eadt \u0111a l\u1edbp. N\u1ebfu b\u1ea1n \u0111ang c\u1ea7n m\u1ed9t n\u01a1i ch\u01a1i \u201cra ch\u01a1i, r\u00fat ra r\u00fat\u201d \u0111\u00e0ng ho\u00e0ng, GO99 ch\u00ednh l\u00e0 l\u1ef1a ch\u1ecdn \u0111\u00e1ng \u0111\u1ec3 th\u1eed \u00edt nh\u1ea5t m\u1ed9t l\u1ea7n trong 2026.<\/p>\n<div class=\"container section-title-container\" ><h2 class=\"section-title section-title-center\"><b><\/b><span class=\"section-title-main\" >FAQ \u2013 C\u00e2u H\u1ecfi Kh\u00e1ch H\u00e0ng Th\u01b0\u1eddng G\u1eb7p V\u1ec1 GO99<\/span><b><\/b><\/h2><\/div>\n<div class=\"accordion\">\n\t<div id=\"accordion-2080770691\" class=\"accordion-item\">\n\t\t<a id=\"accordion-2080770691-label\" class=\"accordion-title plain\" href=\"#accordion-item-go99-l\u00e0-g\u00ec?\" aria-expanded=\"false\" aria-controls=\"accordion-2080770691-content\" >\n\t\t\t<button class=\"toggle\" aria-label=\"Chuy\u1ec3n \u0111\u1ed5i\"><i class=\"icon-angle-down\"><\/i><\/button>\n\t\t\t<span>GO99 l\u00e0 g\u00ec?<\/span>\n\t\t<\/a>\n\t\t<div id=\"accordion-2080770691-content\" class=\"accordion-inner\" aria-labelledby=\"accordion-2080770691-label\" >\n\t\t\t\n<p>GO99 l\u00e0 c\u1ed5ng game tr\u1ef1c tuy\u1ebfn cung c\u1ea5p nhi\u1ec1u tr\u00f2 ch\u01a1i gi\u1ea3i tr\u00ed nh\u01b0 n\u1ed5 h\u0169, game b\u00e0i, b\u1eafn c\u00e1 v\u00e0 mini game \u0111\u1ed5i th\u01b0\u1edfng, cho ph\u00e9p ng\u01b0\u1eddi ch\u01a1i tham gia nhanh ch\u00f3ng tr\u00ean c\u1ea3 m\u00e1y t\u00ednh l\u1eabn \u0111i\u1ec7n tho\u1ea1i.<\/p>\n\t\t<\/div>\n\t<\/div>\n\t\n\t<div id=\"accordion-270957429\" class=\"accordion-item\">\n\t\t<a id=\"accordion-270957429-label\" class=\"accordion-title plain\" href=\"#accordion-item-trang-ch\u1ee7-go99-c\u00f3-g\u00ec-n\u1ed5i-b\u1eadt-so-v\u1edbi-c\u00e1c-c\u1ed5ng-game-kh\u00e1c?\" aria-expanded=\"false\" aria-controls=\"accordion-270957429-content\" >\n\t\t\t<button class=\"toggle\" aria-label=\"Chuy\u1ec3n \u0111\u1ed5i\"><i class=\"icon-angle-down\"><\/i><\/button>\n\t\t\t<span>Trang ch\u1ee7 GO99 c\u00f3 g\u00ec n\u1ed5i b\u1eadt so v\u1edbi c\u00e1c c\u1ed5ng game kh\u00e1c?<\/span>\n\t\t<\/a>\n\t\t<div id=\"accordion-270957429-content\" class=\"accordion-inner\" aria-labelledby=\"accordion-270957429-label\" >\n\t\t\t\n<p>Trang ch\u1ee7 GO99 n\u1ed5i b\u1eadt nh\u1edd kho game phong ph\u00fa, giao di\u1ec7n th\u00e2n thi\u1ec7n, t\u1ed1c \u0111\u1ed9 t\u1ea3i nhanh v\u00e0 th\u01b0\u1eddng xuy\u00ean c\u00f3 c\u00e1c ch\u01b0\u01a1ng tr\u00ecnh \u01b0u \u0111\u00e3i d\u00e0nh cho ng\u01b0\u1eddi ch\u01a1i m\u1edbi l\u1eabn th\u00e0nh vi\u00ean l\u00e2u n\u0103m.<\/p>\n\t\t<\/div>\n\t<\/div>\n\t\n\t<div id=\"accordion-1187333268\" class=\"accordion-item\">\n\t\t<a id=\"accordion-1187333268-label\" class=\"accordion-title plain\" href=\"#accordion-item-\u0110\u0103ng-k\u00fd-go99-c\u00f3-nh\u1eadn-\u0111\u01b0\u1ee3c-\u01b0u-\u0111\u00e3i-+99k-kh\u00f4ng?\" aria-expanded=\"false\" aria-controls=\"accordion-1187333268-content\" >\n\t\t\t<button class=\"toggle\" aria-label=\"Chuy\u1ec3n \u0111\u1ed5i\"><i class=\"icon-angle-down\"><\/i><\/button>\n\t\t\t<span>\u0110\u0103ng k\u00fd GO99 c\u00f3 nh\u1eadn \u0111\u01b0\u1ee3c \u01b0u \u0111\u00e3i +99K kh\u00f4ng?<\/span>\n\t\t<\/a>\n\t\t<div id=\"accordion-1187333268-content\" class=\"accordion-inner\" aria-labelledby=\"accordion-1187333268-label\" >\n\t\t\t\n<p>C\u00f3. Khi t\u1ea1o t\u00e0i kho\u1ea3n th\u00e0nh c\u00f4ng t\u1ea1i GO99, ng\u01b0\u1eddi ch\u01a1i th\u01b0\u1eddng nh\u1eadn \u0111\u01b0\u1ee3c <strong data-start=\"1704\" data-end=\"1724\">\u01b0u \u0111\u00e3i t\u1eb7ng +99K<\/strong> ho\u1eb7c c\u00e1c ph\u1ea7n th\u01b0\u1edfng t\u00e2n th\u1ee7 \u0111\u1ec3 tr\u1ea3i nghi\u1ec7m h\u1ec7 th\u1ed1ng tr\u00f2 ch\u01a1i.<\/p>\n\t\t<\/div>\n\t<\/div>\n\t\n\t<div id=\"accordion-3431036720\" class=\"accordion-item\">\n\t\t<a id=\"accordion-3431036720-label\" class=\"accordion-title plain\" href=\"#accordion-item-go99-c\u00f3-h\u1ed7-tr\u1ee3-ch\u01a1i-tr\u00ean-\u0111i\u1ec7n-tho\u1ea1i-kh\u00f4ng?\" aria-expanded=\"false\" aria-controls=\"accordion-3431036720-content\" >\n\t\t\t<button class=\"toggle\" aria-label=\"Chuy\u1ec3n \u0111\u1ed5i\"><i class=\"icon-angle-down\"><\/i><\/button>\n\t\t\t<span>GO99 c\u00f3 h\u1ed7 tr\u1ee3 ch\u01a1i tr\u00ean \u0111i\u1ec7n tho\u1ea1i kh\u00f4ng?<\/span>\n\t\t<\/a>\n\t\t<div id=\"accordion-3431036720-content\" class=\"accordion-inner\" aria-labelledby=\"accordion-3431036720-label\" >\n\t\t\t\n<p>C\u00f3. GO99 \u0111\u01b0\u1ee3c t\u1ed1i \u01b0u t\u1ed1t cho c\u1ea3 tr\u00ecnh duy\u1ec7t di \u0111\u1ed9ng v\u00e0 \u1ee9ng d\u1ee5ng, gi\u00fap ng\u01b0\u1eddi ch\u01a1i tham gia game m\u01b0\u1ee3t m\u00e0 tr\u00ean h\u1ec7 \u0111i\u1ec1u h\u00e0nh Android v\u00e0 iOS.<\/p>\n\t\t<\/div>\n\t<\/div>\n\t\n\t<div id=\"accordion-2017512137\" class=\"accordion-item\">\n\t\t<a id=\"accordion-2017512137-label\" class=\"accordion-title plain\" href=\"#accordion-item-go99-cung-c\u1ea5p-nh\u1eefng-th\u1ec3-lo\u1ea1i-game-n\u00e0o?\" aria-expanded=\"false\" aria-controls=\"accordion-2017512137-content\" >\n\t\t\t<button class=\"toggle\" aria-label=\"Chuy\u1ec3n \u0111\u1ed5i\"><i class=\"icon-angle-down\"><\/i><\/button>\n\t\t\t<span>GO99 cung c\u1ea5p nh\u1eefng th\u1ec3 lo\u1ea1i game n\u00e0o?<\/span>\n\t\t<\/a>\n\t\t<div id=\"accordion-2017512137-content\" class=\"accordion-inner\" aria-labelledby=\"accordion-2017512137-label\" >\n\t\t\t\n<p>N\u1ec1n t\u1ea3ng n\u00e0y cung c\u1ea5p nhi\u1ec1u th\u1ec3 lo\u1ea1i ph\u1ed5 bi\u1ebfn nh\u01b0 game b\u00e0i truy\u1ec1n th\u1ed1ng, slot n\u1ed5 h\u0169, b\u1eafn c\u00e1 \u0111\u1ed5i th\u01b0\u1edfng, mini game v\u00e0 c\u00e1c tr\u00f2 ch\u01a1i gi\u1ea3i tr\u00ed tr\u1ef1c tuy\u1ebfn kh\u00e1c.<\/p>\n\t\t<\/div>\n\t<\/div>\n\t\n\t<div id=\"accordion-1774396897\" class=\"accordion-item\">\n\t\t<a id=\"accordion-1774396897-label\" class=\"accordion-title plain\" href=\"#accordion-item-l\u00e0m-sao-\u0111\u1ec3-truy-c\u1eadp-\u0111\u00fang-link-trang-ch\u1ee7-go99?\" aria-expanded=\"false\" aria-controls=\"accordion-1774396897-content\" >\n\t\t\t<button class=\"toggle\" aria-label=\"Chuy\u1ec3n \u0111\u1ed5i\"><i class=\"icon-angle-down\"><\/i><\/button>\n\t\t\t<span>L\u00e0m sao \u0111\u1ec3 truy c\u1eadp \u0111\u00fang link trang ch\u1ee7 GO99?<\/span>\n\t\t<\/a>\n\t\t<div id=\"accordion-1774396897-content\" class=\"accordion-inner\" aria-labelledby=\"accordion-1774396897-label\" >\n\t\t\t\n<p>Ng\u01b0\u1eddi ch\u01a1i n\u00ean truy c\u1eadp <strong data-start=\"2263\" data-end=\"2297\">link trang ch\u1ee7 GO99 ch\u00ednh th\u1ee9c<\/strong> ho\u1eb7c c\u00e1c \u0111\u01b0\u1eddng d\u1eabn \u0111\u01b0\u1ee3c c\u1eadp nh\u1eadt m\u1edbi nh\u1ea5t \u0111\u1ec3 \u0111\u1ea3m b\u1ea3o an to\u00e0n v\u00e0 tr\u00e1nh c\u00e1c trang web gi\u1ea3 m\u1ea1o.<\/p>\n\t\t<\/div>\n\t<\/div>\n\t\n<\/div>\n","protected":false},"excerpt":{"rendered":"<p>&nbsp; GO99 &#8211; Nh\u00e0 C\u00e1i C\u00e1 C\u01b0\u1ee3c Casino &#8211; N\u1ed5 H\u0169 &#8211; Th\u1ec3 Thao Xanh Ch\u00edn #1 Vn GO99 \u2013 Nh\u00e0 c\u00e1i c\u00e1 c\u01b0\u1ee3c casino, n\u1ed5 h\u0169, th\u1ec3 thao \u201cxanh ch\u00edn\u201d #1 VN kh\u00f4ng ch\u1ec9 l\u00e0 c\u00e1i t\u00ean quen m\u1eb7t v\u1edbi d\u00e2n ch\u01a1i l\u00e2u n\u0103m m\u00e0 c\u00f2n l\u00e0 \u201cb\u1ebfn \u0111\u1ed7\u201d l\u00fd t\u01b0\u1edfng cho newbie \u0111ang [&#8230;]\n","protected":false},"author":1,"featured_media":32,"parent":0,"menu_order":0,"comment_status":"closed","ping_status":"closed","template":"","meta":{"footnotes":""},"class_list":["post-11","page","type-page","status-publish","has-post-thumbnail","hentry"],"_links":{"self":[{"href":"https:\/\/rrrkr.ru.com\/index.php\/wp-json\/wp\/v2\/pages\/11","targetHints":{"allow":["GET"]}}],"collection":[{"href":"https:\/\/rrrkr.ru.com\/index.php\/wp-json\/wp\/v2\/pages"}],"about":[{"href":"https:\/\/rrrkr.ru.com\/index.php\/wp-json\/wp\/v2\/types\/page"}],"author":[{"embeddable":true,"href":"https:\/\/rrrkr.ru.com\/index.php\/wp-json\/wp\/v2\/users\/1"}],"replies":[{"embeddable":true,"href":"https:\/\/rrrkr.ru.com\/index.php\/wp-json\/wp\/v2\/comments?post=11"}],"version-history":[{"count":20,"href":"https:\/\/rrrkr.ru.com\/index.php\/wp-json\/wp\/v2\/pages\/11\/revisions"}],"predecessor-version":[{"id":61,"href":"https:\/\/rrrkr.ru.com\/index.php\/wp-json\/wp\/v2\/pages\/11\/revisions\/61"}],"wp:featuredmedia":[{"embeddable":true,"href":"https:\/\/rrrkr.ru.com\/index.php\/wp-json\/wp\/v2\/media\/32"}],"wp:attachment":[{"href":"https:\/\/rrrkr.ru.com\/index.php\/wp-json\/wp\/v2\/media?parent=11"}],"curies":[{"name":"wp","href":"https:\/\/api.w.org\/{rel}","templated":true}]}}